en 1937339634 is divided by 35.
34
What is the remainder when 958441775 is divided by 204?
203
Calculate the remainder when 1540672 is divided by 623.
616
What is the remainder when 181834 is divided by 99?
70
Calculate the remainder when 13682 is divided by 163.
153
What is the remainder when 92220 is divided by 45403?
1414
Calculate the remainder when 70294917 is divided by 25.
17
Calculate the remainder when 34978042 is divided by 432.
298
Calculate the remainder when 11883059 is divided by 17.
8
Calculate the remainder when 172727 is divided by 85289.
2149
Calculate the remainder when 16459 is divided by 5352.
403
Calculate the remainder when 11219840 is divided by 11219804.
36
What is the remainder when 121873 is divided by 626?
429
What is the remainder when 5578987 is divided by 1686?
13
What is the remainder when 23690 is divided by 23389?
301
Calculate the remainder when 57517 is divided by 28466.
585
Calculate the remainder when 15411954 is divided by 1860.
1854
What is the remainder when 84436 is divided by 1536?
1492
What is the remainder when 929839 is divided by 659?
649
Calculate the remainder when 2187533 is divided by 156252.
5
What is the remainder when 439953 is divided by 429?
228
Calculate the remainder when 5279721 is divided by 275.
271
Calculate the remainder when 187791 is divided by 48.
15
What is the remainder when 10713492 is divided by 681?
0
What is the remainder when 17216751 is divided by 7386?
7371
What is the remainder when 106292907 is divided by 13286612?
11
What is the remainder when 25665917 is divided by 1120?
1117
Calculate the remainder when 1915959 is divided by 5988.
5787
What is the remainder when 75153 is divided by 24467?
1752
What is the remainder when 1446951 is divided by 514?
41
What is the remainder when 8588 is divided by 1334?
584
Calculate the remainder when 45568855 is divided by 219.
211
What is the remainder when 25580316 is divided by 448?
412
What is the remainder when 21209810 is divided by 8430?
8360
Calculate the remainder when 4342793 is divided by 1128.
1121
Calculate the remainder when 20046 is divided by 9201.
1644
Calculate the remainder when 302031 is divided by 426.
423
Calculate the remainder when 9224228 is divided by 8207.
7767
Calculate the remainder when 686279 is divided by 120.
119
What is the remainder when 1854744 is divided by 9?
6
What is the remainder when 9063 is divided by 8236?
827
What is the remainder when 9570702 is divided by 787?
782
What is the remainder when 1954479 is divided by 488559?
243
Calculate the remainder when 5760196 is divided by 31.
24
Calculate the remainder when 128374 is divided by 4223.
1684
Calculate the remainder when 16890930 is divided by 483.
420
Calculate the remainder when 21333596 is divided by 6922.
6914
What is the remainder when 47674782 is divided by 128158?
6
Calculate the remainder when 334282 is divided by 1210.
322
What is the remainder when 5982477 is divided by 254?
15
Calculate the remainder when 11989 is divided by 286.
263
What is the remainder when 3068982 is divided by 1022989?
15
Calculate the remainder when 4006757 is divided by 667788.
29
Calculate the remainder when 120448771 is divided by 569.
6
What is the remainder when 43110910 is divided by 96?
94
Calculate the remainder when 36201672 is divided by 24.
0
What is the remainder when 209776 is divided by 80?
16
What is the remainder when 602409 is divided by 13988?
925
Calculate the remainder when 1186364 is divided by 1768.
36
Calculate the remainder when 151452023 is divided by 134.
131
What is the remainder when 18035391 is divided by 9017692?
7
What is the remainder when 76707 is divided by 11261?
9141
What is the remainder when 28581440 is divided by 62?
60
What is the remainder when 7662729 is divided by 3831161?
407
What is the remainder when 263347 is divided by 52367?
1512
Calculate the remainder when 235536 is divided by 1054.
494
What is the remainder when 39995706 is divided by 4302?
12
Calculate the remainder when 28635 is divided by 6855.
1215
Calculate the remainder when 24114756 is divided by 5969.
5965
Calculate the remainder when 408061 is divided by 81549.
316
What is the remainder when 4807729 is divided by 424?
417
Calculate the remainder when 1503847 is divided by 4436.
43
Calculate the remainder when 3708645 is divided by 93.
84
Calculate the remainder when 569216 is divided by 26.
24
Calculate the remainder when 345994 is divided by 3761.
3743
What is the remainder when 11467734 is divided by 3301?
60
Calculate the remainder when 42151 is divided by 20064.
2023
What is the remainder when 224296 is divided by 212?
0
Calculate the remainder when 20724 is divided by 6148.
2280
Calculate the remainder when 19300 is divided by 965.
0
What is the remainder when 231564 is divided by 3863?
3647
Calculate the remainder when 1278245 is divided by 3095.
10
What is the remainder when 725582 is divided by 10365?
32
Calculate the remainder when 140560 is divided by 34644.
1984
Calculate the remainder when 8201329 is divided by 2133.
2077
Calculate the remainder when 8120925 is divided by 291.
279
What is the remainder when 1432048 is divided by 95455?
223
Calculate the remainder when 52230285 is divided by 248.
245
What is the remainder when 108365 is divided by 6768?
77
Calculate the remainder when 51909 is divided by 172.
137
What is the remainder when 4102440 is divided by 116?
100
Calculate the remainder when 1620490 is divided by 2941.
2940
What is the remainder when 14825647 is divided by 51?
49
Calculate the remainder when 12446109 is divided by 21.
18
Calculate the remainder when 359022 is divided by 15816.
11070
Calculate the remainder when 2387713 is divided by 319.
317
What is the remainder when 2269718 is divided by 10?
8
Calculate the remainder when 5127622 is divided by 579.
577
Calculate the remainder when 26609054 is divided by 649001.
13
What is the remainder when 1479405 is divided by 146?
133
Calculate the remainder when 54199962 is divided by 14.
12
Calculate the remainder when 320280 is divided by 872.
256
Calculate the remainder when 102832953 is divided by 287.
279
Calculate the remainder when 26106 is divided by 9.
6
Calculate the remainder when 1665506 is divided by 1755.
11
Calculate the remainder when 4204683 is divided by 316.
303
What is the remainder when 26543934 is divided by 2377?
2352
What is the remainder when 13991429 is divided by 14?
11
What is the remainder when 114074 is divided by 36921?
3311
Calculate the remainder when 40722 is divided by 5169.
4539
Calculate the remainder when 363617 is divided by 363387.
230
Calculate the remainder when 16792558 is divided by 7.
6
Calculate the remainder when 37962188 is divided by 10.
8
What is the remainder when 771921 is divided by 1245?
21
What is the remainder when 9204280 is divided by 13?
7
What is the remainder when 10119357 is divided by 254?
251
What is the remainder when 90603 is divided by 9711?
3204
Calculate the remainder when 18564631 is divided by 169.
150
Calculate the remainder when 2187963 is divided by 142.
27
Calculate the remainder when 104155 is divided by 17147.
1273
Calculate the remainder when 1602422 is divided by 1602409.
13
Calculate the remainder when 4533337 is divided by 2631.
124
What is the remainder when 5091163 is divided by 112?
91
What is the remainder when 56200176 is divided by 23?
21
What is the remainder when 65747998 is divided by 26?
4
Calculate the remainder when 4608717 is divided by 4440.
4437
What is the remainder when 1286692 is divided by 1047?
976
Calculate the remainder when 68382 is divided by 1209.
678
What is the remainder when 2354862 is divided by 588710?
22
What is the remainder when 67676850 is divided by 552?
546
What is the remainder when 850496773 is divided by 3079?
3077
Calculate the remainder when 312561 is divided by 31256.
1
Calculate the remainder when 96839 is divided by 8784.
215
Calculate the remainder when 286773 is divided by 144.
69
Calculate the remainder when 217935543 is divided by 110403.
21
What is the remainder when 226080 is divided by 44?
8
Calculate the remainder when 139575 is divided by 1485.
1470
What is the remainder when 24654428 is divided by 195?
188
Calculate the remainder when